{"id":551,"date":"2025-01-14T10:56:37","date_gmt":"2025-01-14T09:56:37","guid":{"rendered":"https:\/\/muzeum.stalowawola.pl\/sklep\/?post_type=product&#038;p=551"},"modified":"2026-01-23T13:24:26","modified_gmt":"2026-01-23T12:24:26","slug":"zanim-powstala-stalowa-wola-studium-z-prehistorii-miasta","status":"publish","type":"product","link":"https:\/\/muzeum.stalowawola.pl\/sklep\/produkt\/zanim-powstala-stalowa-wola-studium-z-prehistorii-miasta\/","title":{"rendered":"Zanim powsta\u0142a Stalowa Wola. Studium z prehistorii miasta"},"content":{"rendered":"<p>Ks. Wilhelm Gaj \u2013Piotrowski, Stalowa Wola 2000r.<\/p>\n<p>Autorem najnowszej publikacji wydanej przez Muzeum Regionalne w ramach serii &#8220;Stalowowolskie Regionalia Muzealne&#8221; jest ks. Wilhelm Gaj \u2013Piotrowski- etnograf, historyk, regionalista urodzony w Charzewicach, obecnie dzielnicy Stalowej Woli, kt\u00f3ry ca\u0142\u0105 swoja aktywno\u015b\u0107 naukow\u0105 zwi\u0105za\u0142 z rodzinn\u0105 ziemi\u0105.<\/p>\n<p>Ksi\u0105\u017cka pt. Zanim powsta\u0142a Stalowa Wola stanowi monograficzne opracowanie prawie tysi\u0105cletnich dziej\u00f3w wsi P\u0142awa, na terenie kt\u00f3rej od 1937 roku zacz\u0119\u0142o wyrasta\u0107 miasto Stalowa Wola. Autor przedstawia swoje hipotezy dotycz\u0105ce genezy powstania tej wsi oraz zaj\u0105\u0142 si\u0119 tak\u017ce histori\u0105 spo\u0142eczno-gospodarcz\u0105 oraz stosunkami administracyjnymi normuj\u0105cymi \u017cycie tutejszych mieszka\u0144c\u00f3w poczynaj\u0105c od oko\u0142o 1475 roku (najwcze\u015bniejszy i zarazem wiarygodny zapis Jana D\u0142ugosza dotycz\u0105cy P\u0142awa) do pierwszych trzech dziesi\u0119cioleci XX wieku. Poszczeg\u00f3lne fakty rozpatrywane s\u0105 na p\u0142aszczy\u017anie r\u00f3\u017cnorakich powi\u0105za\u0144 czasowo-przestrzennych. Natomiast wykorzystanie przekaz\u00f3w tradycji ludowych o charakterze etnograficznym pozwoli\u0142o na precyzyjne okre\u015blenie etnicznej to\u017csamo\u015bci kulturowej p\u0142awian w stosunku do reszty osadnik\u00f3w dolnego Nadsania oraz pobliskich teren\u00f3w lasowiackich. Cz\u0119\u015b\u0107 uwagi zosta\u0142a po\u015bwi\u0119cona niekt\u00f3rym zagadnieniom zwi\u0105zanym z dziejami Ko\u015bcio\u0142a w P\u0142awie oraz pierwszej parafii w Stalowej Woli.<\/p>\n<p>Ponadto ksi\u0105\u017cka ze wzgl\u0119du na odniesienia do historii regionu, s\u0142u\u017cy\u0107 mo\u017ce wszystkim zainteresowanym problematyk\u0105 regionalistyczn\u0105, za\u015b potomkom dawnych p\u0142awian przypomni ich korzenie rodowe, wywodz\u0105ce si\u0119 z wielowiekowych tradycji &#8220;kr\u00f3lewskich poddanych&#8221;.<\/p>\n<p>&nbsp;<\/p>\n","protected":false},"excerpt":{"rendered":"<p>Ks. Wilhelm Gaj \u2013Piotrowski, Stalowa Wola 2000r. Autorem najnowszej publikacji wydanej przez Muzeum Regionalne w ramach serii &#8220;Stalowowolskie Regionalia Muzealne&#8221; [&hellip;]<\/p>\n","protected":false},"featured_media":749,"comment_status":"closed","ping_status":"closed","template":"","meta":{"site-sidebar-layout":"default","site-content-layout":"","ast-site-content-layout":"default","site-content-style":"default","site-sidebar-style":"default","ast-global-header-display":"","ast-banner-title-visibility":"","ast-main-header-display":"","ast-hfb-above-header-display":"","ast-hfb-below-header-display":"","ast-hfb-mobile-header-display":"","site-post-title":"","ast-breadcrumbs-content":"","ast-featured-img":"","footer-sml-layout":"","ast-disable-related-posts":"","theme-transparent-header-meta":"default","adv-header-id-meta":"","stick-header-meta":"","header-above-stick-meta":"","header-main-stick-meta":"","header-below-stick-meta":"","astra-migrate-meta-layouts":"set","ast-page-background-enabled":"default","ast-page-background-meta":{"desktop":{"background-color":"var(--ast-global-color-4)","background-image":"","background-repeat":"repeat","background-position":"center center","background-size":"auto","background-attachment":"scroll","background-type":"","background-media":"","overlay-type":"","overlay-color":"","overlay-opacity":"","overlay-gradient":""},"tablet":{"background-color":"","background-image":"","background-repeat":"repeat","background-position":"center center","background-size":"auto","background-attachment":"scroll","background-type":"","background-media":"","overlay-type":"","overlay-color":"","overlay-opacity":"","overlay-gradient":""},"mobile":{"background-color":"","background-image":"","background-repeat":"repeat","background-position":"center center","background-size":"auto","background-attachment":"scroll","background-type":"","background-media":"","overlay-type":"","overlay-color":"","overlay-opacity":"","overlay-gradient":""}},"ast-content-background-meta":{"desktop":{"background-color":"var(--ast-global-color-5)","background-image":"","background-repeat":"repeat","background-position":"center center","background-size":"auto","background-attachment":"scroll","background-type":"","background-media":"","overlay-type":"","overlay-color":"","overlay-opacity":"","overlay-gradient":""},"tablet":{"background-color":"var(--ast-global-color-5)","background-image":"","background-repeat":"repeat","background-position":"center center","background-size":"auto","background-attachment":"scroll","background-type":"","background-media":"","overlay-type":"","overlay-color":"","overlay-opacity":"","overlay-gradient":""},"mobile":{"background-color":"var(--ast-global-color-5)","background-image":"","background-repeat":"repeat","background-position":"center center","background-size":"auto","background-attachment":"scroll","background-type":"","background-media":"","overlay-type":"","overlay-color":"","overlay-opacity":"","overlay-gradient":""}}},"product_brand":[],"product_cat":[15,51,79,77],"product_tag":[],"class_list":{"0":"post-551","1":"product","2":"type-product","3":"status-publish","4":"has-post-thumbnail","6":"product_cat-wydawnictwa","7":"product_cat-archeologia-pl","8":"product_cat-etnografia-pl","9":"product_cat-historia-pl","10":"desktop-align-left","11":"tablet-align-left","12":"mobile-align-left","13":"ast-product-gallery-layout-horizontal-slider","14":"ast-product-gallery-with-no-image","15":"ast-product-tabs-layout-horizontal","17":"first","18":"instock","19":"shipping-taxable","20":"purchasable","21":"product-type-simple"},"_links":{"self":[{"href":"https:\/\/muzeum.stalowawola.pl\/sklep\/wp-json\/wp\/v2\/product\/551","targetHints":{"allow":["GET"]}}],"collection":[{"href":"https:\/\/muzeum.stalowawola.pl\/sklep\/wp-json\/wp\/v2\/product"}],"about":[{"href":"https:\/\/muzeum.stalowawola.pl\/sklep\/wp-json\/wp\/v2\/types\/product"}],"replies":[{"embeddable":true,"href":"https:\/\/muzeum.stalowawola.pl\/sklep\/wp-json\/wp\/v2\/comments?post=551"}],"wp:featuredmedia":[{"embeddable":true,"href":"https:\/\/muzeum.stalowawola.pl\/sklep\/wp-json\/wp\/v2\/media\/749"}],"wp:attachment":[{"href":"https:\/\/muzeum.stalowawola.pl\/sklep\/wp-json\/wp\/v2\/media?parent=551"}],"wp:term":[{"taxonomy":"product_brand","embeddable":true,"href":"https:\/\/muzeum.stalowawola.pl\/sklep\/wp-json\/wp\/v2\/product_brand?post=551"},{"taxonomy":"product_cat","embeddable":true,"href":"https:\/\/muzeum.stalowawola.pl\/sklep\/wp-json\/wp\/v2\/product_cat?post=551"},{"taxonomy":"product_tag","embeddable":true,"href":"https:\/\/muzeum.stalowawola.pl\/sklep\/wp-json\/wp\/v2\/product_tag?post=551"}],"curies":[{"name":"wp","href":"https:\/\/api.w.org\/{rel}","templated":true}]}}