{"id":545,"date":"2025-01-13T14:25:43","date_gmt":"2025-01-13T13:25:43","guid":{"rendered":"https:\/\/muzeum.stalowawola.pl\/sklep\/?post_type=product&#038;p=545"},"modified":"2025-12-05T13:14:35","modified_gmt":"2025-12-05T12:14:35","slug":"wiatr-halny-krajowidoki-i-wrazenia-z-tatr-anna-krol","status":"publish","type":"product","link":"https:\/\/muzeum.stalowawola.pl\/sklep\/produkt\/wiatr-halny-krajowidoki-i-wrazenia-z-tatr-anna-krol\/","title":{"rendered":"Wiatr Halny &#8211; krajowidoki i wra\u017cenia z Tatr; Anna Kr\u00f3l"},"content":{"rendered":"<p>Anna Kr\u00f3l, &#8220;Wiatr halny&#8221;<br \/>\nwyd. Fundacja Turleja<br \/>\nOprawa twarda, 256 stron:, wymiary: 240&#215;320<\/p>\n<p>Motywy tatrza\u0144skie w malartwie polskim XIX i XX wieku to wystawa prezentuj\u0105ca ponad dwie\u015bcie dzie\u0142 &#8211; obraz\u00f3w olejnych, pasteli i akwarel &#8211; ukazuj\u0105cych rozmaite motywy tatrza\u0144skie namalowane przez zauroczonych g\u00f3rami polskich artyst\u00f3w. Jest to pierwsza w Polsce tak du\u017ca ekspozycja przedstawiaj\u0105ca Tatry. Zgromadzono na niej mi\u0119dzy innymi najstarsze wyobra\u017cenia Tatr utrwalone przez pierwszego polskiego malarzakrajowidok\u00f3w, Jana Nepomucena G\u0142owackiego. Jego Widok Tatr z Poronina z roku 1836 otwiera prezentacj\u0119, zamyka j\u0105 za\u015b Widok Tatr z Galicowej Grapy, ukazany niemal z tego samego miejsca, w kt\u00f3rym zdejmowa\u0142 sw\u00f3j widok G\u0142owacki, a namalowany sto pi\u0119\u0107dziesi\u0105t lat p\u00f3\u017aniej przez utalentowanego, m\u0142odo zmarlego artyst\u0119 i taternika, W\u0142adys\u0142awa Klamerusa (&#8230;) (Kontrad Szulc, Zamek Ksi\u0105\u017c\u0105t Pomorskich w Szczecinie).<\/p>\n","protected":false},"excerpt":{"rendered":"<p>Anna Kr\u00f3l, &#8220;Wiatr halny&#8221; wyd. Fundacja Turleja Oprawa twarda, 256 stron:, wymiary: 240&#215;320 Motywy tatrza\u0144skie w malartwie polskim XIX i [&hellip;]<\/p>\n","protected":false},"featured_media":794,"comment_status":"closed","ping_status":"closed","template":"","meta":{"site-sidebar-layout":"default","site-content-layout":"","ast-site-content-layout":"default","site-content-style":"default","site-sidebar-style":"default","ast-global-header-display":"","ast-banner-title-visibility":"","ast-main-header-display":"","ast-hfb-above-header-display":"","ast-hfb-below-header-display":"","ast-hfb-mobile-header-display":"","site-post-title":"","ast-breadcrumbs-content":"","ast-featured-img":"","footer-sml-layout":"","ast-disable-related-posts":"","theme-transparent-header-meta":"default","adv-header-id-meta":"","stick-header-meta":"","header-above-stick-meta":"","header-main-stick-meta":"","header-below-stick-meta":"","astra-migrate-meta-layouts":"set","ast-page-background-enabled":"default","ast-page-background-meta":{"desktop":{"background-color":"var(--ast-global-color-4)","background-image":"","background-repeat":"repeat","background-position":"center center","background-size":"auto","background-attachment":"scroll","background-type":"","background-media":"","overlay-type":"","overlay-color":"","overlay-opacity":"","overlay-gradient":""},"tablet":{"background-color":"","background-image":"","background-repeat":"repeat","background-position":"center center","background-size":"auto","background-attachment":"scroll","background-type":"","background-media":"","overlay-type":"","overlay-color":"","overlay-opacity":"","overlay-gradient":""},"mobile":{"background-color":"","background-image":"","background-repeat":"repeat","background-position":"center center","background-size":"auto","background-attachment":"scroll","background-type":"","background-media":"","overlay-type":"","overlay-color":"","overlay-opacity":"","overlay-gradient":""}},"ast-content-background-meta":{"desktop":{"background-color":"var(--ast-global-color-5)","background-image":"","background-repeat":"repeat","background-position":"center center","background-size":"auto","background-attachment":"scroll","background-type":"","background-media":"","overlay-type":"","overlay-color":"","overlay-opacity":"","overlay-gradient":""},"tablet":{"background-color":"var(--ast-global-color-5)","background-image":"","background-repeat":"repeat","background-position":"center center","background-size":"auto","background-attachment":"scroll","background-type":"","background-media":"","overlay-type":"","overlay-color":"","overlay-opacity":"","overlay-gradient":""},"mobile":{"background-color":"var(--ast-global-color-5)","background-image":"","background-repeat":"repeat","background-position":"center center","background-size":"auto","background-attachment":"scroll","background-type":"","background-media":"","overlay-type":"","overlay-color":"","overlay-opacity":"","overlay-gradient":""}}},"product_brand":[],"product_cat":[15,69],"product_tag":[],"class_list":{"0":"post-545","1":"product","2":"type-product","3":"status-publish","4":"has-post-thumbnail","6":"product_cat-wydawnictwa","7":"product_cat-sztuka-pl","8":"desktop-align-left","9":"tablet-align-left","10":"mobile-align-left","11":"ast-product-gallery-layout-horizontal-slider","12":"ast-product-gallery-with-no-image","13":"ast-product-tabs-layout-horizontal","15":"first","16":"instock","17":"shipping-taxable","18":"purchasable","19":"product-type-simple"},"_links":{"self":[{"href":"https:\/\/muzeum.stalowawola.pl\/sklep\/wp-json\/wp\/v2\/product\/545","targetHints":{"allow":["GET"]}}],"collection":[{"href":"https:\/\/muzeum.stalowawola.pl\/sklep\/wp-json\/wp\/v2\/product"}],"about":[{"href":"https:\/\/muzeum.stalowawola.pl\/sklep\/wp-json\/wp\/v2\/types\/product"}],"replies":[{"embeddable":true,"href":"https:\/\/muzeum.stalowawola.pl\/sklep\/wp-json\/wp\/v2\/comments?post=545"}],"wp:featuredmedia":[{"embeddable":true,"href":"https:\/\/muzeum.stalowawola.pl\/sklep\/wp-json\/wp\/v2\/media\/794"}],"wp:attachment":[{"href":"https:\/\/muzeum.stalowawola.pl\/sklep\/wp-json\/wp\/v2\/media?parent=545"}],"wp:term":[{"taxonomy":"product_brand","embeddable":true,"href":"https:\/\/muzeum.stalowawola.pl\/sklep\/wp-json\/wp\/v2\/product_brand?post=545"},{"taxonomy":"product_cat","embeddable":true,"href":"https:\/\/muzeum.stalowawola.pl\/sklep\/wp-json\/wp\/v2\/product_cat?post=545"},{"taxonomy":"product_tag","embeddable":true,"href":"https:\/\/muzeum.stalowawola.pl\/sklep\/wp-json\/wp\/v2\/product_tag?post=545"}],"curies":[{"name":"wp","href":"https:\/\/api.w.org\/{rel}","templated":true}]}}