{"id":538,"date":"2025-01-09T15:34:47","date_gmt":"2025-01-09T14:34:47","guid":{"rendered":"https:\/\/muzeum.stalowawola.pl\/sklep\/?post_type=product&#038;p=538"},"modified":"2025-09-09T10:19:15","modified_gmt":"2025-09-09T08:19:15","slug":"towarzystwo-gimnastyczne-sokol","status":"publish","type":"product","link":"https:\/\/muzeum.stalowawola.pl\/sklep\/produkt\/towarzystwo-gimnastyczne-sokol\/","title":{"rendered":"Towarzystwo Gimnastyczne &#8220;Sok\u00f3\u0142&#8221;"},"content":{"rendered":"<p>Towarzystwo Gimnastyczne \u201eSok\u00f3\u0142&#8221; w Rozwadowie, Nisku,Tarnobrzegu i Machowie w 110. rocznic\u0119 powstania gniazda rozwadowskiego 1906\u20132016 pod redakcj\u0105 naukow\u0105 dr Agnieszki Mirkiewicz. Zbi\u00f3r artyku\u0142\u00f3w naukowych o rozwadowskim Towarzystwie Gimnastycznym \u201eSok\u00f3\u0142&#8221; i o\u015brodkach z nim s\u0105siaduj\u0105cych.<\/p>\n<p>Rozwadowskie Towarzystwo Gimnastyczne \u201eSok\u00f3\u0142&#8221; przez blisko 30 lat w duchu patriotyzmu i sportowej rywalizacji wychowywa\u0142o kolejne pokolenia m\u0142odzie\u017cy. Poniewa\u017c w 2016 r. min\u0119\u0142o 110 lat od powstania gniazda, przygotowano publikacj\u0119, kt\u00f3ra po raz pierwszy w tak szerokim zakresie prezentuje nieznan\u0105 dot\u0105d szerzej histori\u0119 tutejszego o\u015brodka sokolego.<\/p>\n<p>Dziejom tego gniazda po\u015bwi\u0119cono dwa teksty. Pierwszy z nich autorstwa Agnieszki Mirkiewicz i Anety Garanty, to pr\u00f3ba odtworzenia los\u00f3w gniazda od momentu powstania a\u017c do nieudanych pr\u00f3b jego reaktywacji w 1946 r. Artyku\u0142 wymaga\u0142 wiele wysi\u0142ku i kwerend archiwalnych, gdy\u017c dokumenty gniazda dwukrotnie uleg\u0142y zniszczeniu w czasie wojen \u015bwiatowych. Kolejny tekst dotycz\u0105cy Rozwadowa to analiza architektury gmachu sokolni dokonana przez dr. Zbigniewa Beiersdorfa, przedstawiona na tle innych budowli tego typu w Galicji.<\/p>\n<p>Pozosta\u0142e artyku\u0142y dotycz\u0105 kwestii zwi\u0105zanych z dzia\u0142alno\u015bci\u0105 gniazd sokolich w s\u0105siednich miastach, zbli\u017conych wielko\u015bci\u0105 i liczb\u0105 ludno\u015bci do Rozwadowa. Ich opracowaniem zaj\u0119\u0142y si\u0119 osoby, kt\u00f3re w swojej pracy badawczej niejednokrotnie styka\u0142y si\u0119 z zagadnieniami sokolimi. Wi\u0119kszo\u015b\u0107 reprezentuje rzeszowskie \u015brodowisko uniwersyteckie.<\/p>\n<p>Na jeden z nich warto zwr\u00f3ci\u0107 szczeg\u00f3ln\u0105 uwag\u0119, gdy\u017c jego autor przedstawi\u0142 organizacj\u0119 i spos\u00f3b dzia\u0142ania gniazda wiejskiego, tematyki rzadko obecnej w literaturze przedmiotu. Plac\u00f3wki w Tarnobrzegu, Machowie i Nisku ze wzgl\u0119du na powi\u0105zania okr\u0119gowe (wszystkie do 1914 r. nale\u017ca\u0142y do sokolego okr\u0119gu rzeszowskiego), niejednokrotnie wsp\u00f3\u0142pracowa\u0142y ze sob\u0105, co tak\u017ce znalaz\u0142o odzwierciedlenie na kartach ksi\u0105\u017cki.<\/p>\n<p>Teksty odnosz\u0105 si\u0119 nie tylko do dzia\u0142alno\u015bci \u201eSoko\u0142a&#8221;, ale i przynosz\u0105 mn\u00f3stwo informacji z dziej\u00f3w ca\u0142ego regionu. Niew\u0105tpliwie zainteresuj\u0105 czytelnik\u00f3w z Rozwadowa i okolic. Mocn\u0105 stron\u0105 tomu s\u0105 zamieszczone w nim zdj\u0119cia i ilustracje, w wi\u0119kszo\u015bci publikowane po raz pierwszy. Wielce pomocna i godna szczeg\u00f3lnej uwagi jest uwsp\u00f3\u0142cze\u015bniona i opracowana graficznie na nowo, mapa gniazd sokolich, jakie znajdowa\u0142y si\u0119 na terenie Galicji w 1910 r.<\/p>\n<p>Publikacj\u0119 pozytywn\u0105 recenzj\u0105 naukow\u0105 opatrzy\u0142a prof. dr hab. Jadwiga Hoff.<\/p>\n<p>Format 230 x 160 mm, ss.128, oprawa mi\u0119kka<\/p>\n","protected":false},"excerpt":{"rendered":"<p>Towarzystwo Gimnastyczne \u201eSok\u00f3\u0142&#8221; w Rozwadowie, Nisku,Tarnobrzegu i Machowie w 110. rocznic\u0119 powstania gniazda rozwadowskiego 1906\u20132016 pod redakcj\u0105 naukow\u0105 dr Agnieszki [&hellip;]<\/p>\n","protected":false},"featured_media":740,"comment_status":"closed","ping_status":"closed","template":"","meta":{"site-sidebar-layout":"default","site-content-layout":"","ast-site-content-layout":"default","site-content-style":"default","site-sidebar-style":"default","ast-global-header-display":"","ast-banner-title-visibility":"","ast-main-header-display":"","ast-hfb-above-header-display":"","ast-hfb-below-header-display":"","ast-hfb-mobile-header-display":"","site-post-title":"","ast-breadcrumbs-content":"","ast-featured-img":"","footer-sml-layout":"","ast-disable-related-posts":"","theme-transparent-header-meta":"default","adv-header-id-meta":"","stick-header-meta":"","header-above-stick-meta":"","header-main-stick-meta":"","header-below-stick-meta":"","astra-migrate-meta-layouts":"set","ast-page-background-enabled":"default","ast-page-background-meta":{"desktop":{"background-color":"var(--ast-global-color-4)","background-image":"","background-repeat":"repeat","background-position":"center center","background-size":"auto","background-attachment":"scroll","background-type":"","background-media":"","overlay-type":"","overlay-color":"","overlay-opacity":"","overlay-gradient":""},"tablet":{"background-color":"","background-image":"","background-repeat":"repeat","background-position":"center center","background-size":"auto","background-attachment":"scroll","background-type":"","background-media":"","overlay-type":"","overlay-color":"","overlay-opacity":"","overlay-gradient":""},"mobile":{"background-color":"","background-image":"","background-repeat":"repeat","background-position":"center center","background-size":"auto","background-attachment":"scroll","background-type":"","background-media":"","overlay-type":"","overlay-color":"","overlay-opacity":"","overlay-gradient":""}},"ast-content-background-meta":{"desktop":{"background-color":"var(--ast-global-color-5)","background-image":"","background-repeat":"repeat","background-position":"center center","background-size":"auto","background-attachment":"scroll","background-type":"","background-media":"","overlay-type":"","overlay-color":"","overlay-opacity":"","overlay-gradient":""},"tablet":{"background-color":"var(--ast-global-color-5)","background-image":"","background-repeat":"repeat","background-position":"center center","background-size":"auto","background-attachment":"scroll","background-type":"","background-media":"","overlay-type":"","overlay-color":"","overlay-opacity":"","overlay-gradient":""},"mobile":{"background-color":"var(--ast-global-color-5)","background-image":"","background-repeat":"repeat","background-position":"center center","background-size":"auto","background-attachment":"scroll","background-type":"","background-media":"","overlay-type":"","overlay-color":"","overlay-opacity":"","overlay-gradient":""}}},"product_brand":[],"product_cat":[15,77],"product_tag":[],"class_list":{"0":"post-538","1":"product","2":"type-product","3":"status-publish","4":"has-post-thumbnail","6":"product_cat-wydawnictwa","7":"product_cat-historia-pl","8":"desktop-align-left","9":"tablet-align-left","10":"mobile-align-left","11":"ast-product-gallery-layout-horizontal-slider","12":"ast-product-gallery-with-no-image","13":"ast-product-tabs-layout-horizontal","15":"first","16":"instock","17":"shipping-taxable","18":"purchasable","19":"product-type-simple"},"_links":{"self":[{"href":"https:\/\/muzeum.stalowawola.pl\/sklep\/wp-json\/wp\/v2\/product\/538","targetHints":{"allow":["GET"]}}],"collection":[{"href":"https:\/\/muzeum.stalowawola.pl\/sklep\/wp-json\/wp\/v2\/product"}],"about":[{"href":"https:\/\/muzeum.stalowawola.pl\/sklep\/wp-json\/wp\/v2\/types\/product"}],"replies":[{"embeddable":true,"href":"https:\/\/muzeum.stalowawola.pl\/sklep\/wp-json\/wp\/v2\/comments?post=538"}],"wp:featuredmedia":[{"embeddable":true,"href":"https:\/\/muzeum.stalowawola.pl\/sklep\/wp-json\/wp\/v2\/media\/740"}],"wp:attachment":[{"href":"https:\/\/muzeum.stalowawola.pl\/sklep\/wp-json\/wp\/v2\/media?parent=538"}],"wp:term":[{"taxonomy":"product_brand","embeddable":true,"href":"https:\/\/muzeum.stalowawola.pl\/sklep\/wp-json\/wp\/v2\/product_brand?post=538"},{"taxonomy":"product_cat","embeddable":true,"href":"https:\/\/muzeum.stalowawola.pl\/sklep\/wp-json\/wp\/v2\/product_cat?post=538"},{"taxonomy":"product_tag","embeddable":true,"href":"https:\/\/muzeum.stalowawola.pl\/sklep\/wp-json\/wp\/v2\/product_tag?post=538"}],"curies":[{"name":"wp","href":"https:\/\/api.w.org\/{rel}","templated":true}]}}