{"id":530,"date":"2025-01-09T10:18:22","date_gmt":"2025-01-09T09:18:22","guid":{"rendered":"https:\/\/muzeum.stalowawola.pl\/sklep\/?post_type=product&#038;p=530"},"modified":"2026-02-08T19:54:03","modified_gmt":"2026-02-08T18:54:03","slug":"sport-w-ii-rp","status":"publish","type":"product","link":"https:\/\/muzeum.stalowawola.pl\/sklep\/produkt\/sport-w-ii-rp\/","title":{"rendered":"Sport w II RP"},"content":{"rendered":"<p>Publikacja przedstawia pe\u0142ne pasji i zapa\u0142u pocz\u0105tki polskiego ruchu sportowego od momentu odzyskania niepodleg\u0142o\u015bci a\u017c do wybuchu II wojny \u015bwiatowej. Prezentuje zas\u0142u\u017cone postacie tworz\u0105ce zal\u0105\u017cki organizacji sportowych, pocz\u0105tki ruchu olimpijskiego, debiuty polskich sportowc\u00f3w na Igrzyskach i ich pierwsze medale. Opisowi wa\u017cnych imprez sportowych towarzysz\u0105 biogramy wybitnych sportowc\u00f3w tamtej epoki, takich jak Halina Konopacka, Stanis\u0142awa Walasiewicz\u00f3wna, Janusz Kusoci\u0144ski czy Jadwiga Jedrzejowska. W albumie znajdziemy opisy dotycz\u0105ce osi\u0105gni\u0119\u0107 uzyskiwanych w tak popularnych dyscyplinach, jak lekkoatletyka, boks czy tenis, ale r\u00f3wnie\u017c tak specyficznych, jak lotnictwo czy himalaizm. Przypomniano r\u00f3wnie\u017c sportowe znakomito\u015bci, kt\u00f3rych nazwiska zatar\u0142y si\u0119 w pami\u0119ci. Ca\u0142o\u015b\u0107 zamyka sportowe kalendarium lat mi\u0119dzywojennych. Opisy ilustruje bogaty materia\u0142 fotograficzny.<\/p>\n<p>Format 28&#215;23 cm; twarda oprawa; fotografie czarno-bia\u0142e i kolorowe; 88 stron<\/p>\n","protected":false},"excerpt":{"rendered":"<p>Publikacja przedstawia pe\u0142ne pasji i zapa\u0142u pocz\u0105tki polskiego ruchu sportowego od momentu odzyskania niepodleg\u0142o\u015bci a\u017c do wybuchu II wojny \u015bwiatowej. [&hellip;]<\/p>\n","protected":false},"featured_media":726,"comment_status":"closed","ping_status":"closed","template":"","meta":{"site-sidebar-layout":"default","site-content-layout":"","ast-site-content-layout":"default","site-content-style":"default","site-sidebar-style":"default","ast-global-header-display":"","ast-banner-title-visibility":"","ast-main-header-display":"","ast-hfb-above-header-display":"","ast-hfb-below-header-display":"","ast-hfb-mobile-header-display":"","site-post-title":"","ast-breadcrumbs-content":"","ast-featured-img":"","footer-sml-layout":"","ast-disable-related-posts":"","theme-transparent-header-meta":"default","adv-header-id-meta":"","stick-header-meta":"","header-above-stick-meta":"","header-main-stick-meta":"","header-below-stick-meta":"","astra-migrate-meta-layouts":"set","ast-page-background-enabled":"default","ast-page-background-meta":{"desktop":{"background-color":"var(--ast-global-color-4)","background-image":"","background-repeat":"repeat","background-position":"center center","background-size":"auto","background-attachment":"scroll","background-type":"","background-media":"","overlay-type":"","overlay-color":"","overlay-opacity":"","overlay-gradient":""},"tablet":{"background-color":"","background-image":"","background-repeat":"repeat","background-position":"center center","background-size":"auto","background-attachment":"scroll","background-type":"","background-media":"","overlay-type":"","overlay-color":"","overlay-opacity":"","overlay-gradient":""},"mobile":{"background-color":"","background-image":"","background-repeat":"repeat","background-position":"center center","background-size":"auto","background-attachment":"scroll","background-type":"","background-media":"","overlay-type":"","overlay-color":"","overlay-opacity":"","overlay-gradient":""}},"ast-content-background-meta":{"desktop":{"background-color":"var(--ast-global-color-5)","background-image":"","background-repeat":"repeat","background-position":"center center","background-size":"auto","background-attachment":"scroll","background-type":"","background-media":"","overlay-type":"","overlay-color":"","overlay-opacity":"","overlay-gradient":""},"tablet":{"background-color":"var(--ast-global-color-5)","background-image":"","background-repeat":"repeat","background-position":"center center","background-size":"auto","background-attachment":"scroll","background-type":"","background-media":"","overlay-type":"","overlay-color":"","overlay-opacity":"","overlay-gradient":""},"mobile":{"background-color":"var(--ast-global-color-5)","background-image":"","background-repeat":"repeat","background-position":"center center","background-size":"auto","background-attachment":"scroll","background-type":"","background-media":"","overlay-type":"","overlay-color":"","overlay-opacity":"","overlay-gradient":""}}},"product_brand":[],"product_cat":[15,77,69],"product_tag":[],"class_list":{"0":"post-530","1":"product","2":"type-product","3":"status-publish","4":"has-post-thumbnail","6":"product_cat-wydawnictwa","7":"product_cat-historia-pl","8":"product_cat-sztuka-pl","9":"desktop-align-left","10":"tablet-align-left","11":"mobile-align-left","12":"ast-product-gallery-layout-horizontal-slider","13":"ast-product-gallery-with-no-image","14":"ast-product-tabs-layout-horizontal","16":"first","17":"instock","18":"shipping-taxable","19":"purchasable","20":"product-type-simple"},"_links":{"self":[{"href":"https:\/\/muzeum.stalowawola.pl\/sklep\/wp-json\/wp\/v2\/product\/530","targetHints":{"allow":["GET"]}}],"collection":[{"href":"https:\/\/muzeum.stalowawola.pl\/sklep\/wp-json\/wp\/v2\/product"}],"about":[{"href":"https:\/\/muzeum.stalowawola.pl\/sklep\/wp-json\/wp\/v2\/types\/product"}],"replies":[{"embeddable":true,"href":"https:\/\/muzeum.stalowawola.pl\/sklep\/wp-json\/wp\/v2\/comments?post=530"}],"wp:featuredmedia":[{"embeddable":true,"href":"https:\/\/muzeum.stalowawola.pl\/sklep\/wp-json\/wp\/v2\/media\/726"}],"wp:attachment":[{"href":"https:\/\/muzeum.stalowawola.pl\/sklep\/wp-json\/wp\/v2\/media?parent=530"}],"wp:term":[{"taxonomy":"product_brand","embeddable":true,"href":"https:\/\/muzeum.stalowawola.pl\/sklep\/wp-json\/wp\/v2\/product_brand?post=530"},{"taxonomy":"product_cat","embeddable":true,"href":"https:\/\/muzeum.stalowawola.pl\/sklep\/wp-json\/wp\/v2\/product_cat?post=530"},{"taxonomy":"product_tag","embeddable":true,"href":"https:\/\/muzeum.stalowawola.pl\/sklep\/wp-json\/wp\/v2\/product_tag?post=530"}],"curies":[{"name":"wp","href":"https:\/\/api.w.org\/{rel}","templated":true}]}}